(m). Is x(-3) a composite number?
True
Let c = 404163 - 179986. Is c a composite number?
False
Let w(x) = -614*x - 19. Let c(v) = 2457*v + 76. Let t(z) = 2*c(z) + 9*w(z). Is t(-7) composite?
True
Is ((-6)/9)/(6/(-620523)) a prime number?
True
Let f = -38728 + 330623. Is f a prime number?
False
Let j(k) = k**2 + 9*k - 18. Let t = -54 + 44. Let n be j(t). Let p(l) = -20*l + 31. Is p(n) a composite number?
False
Let u be 72/(-48)*(-4)/(-6). Is (1*3/(-3))/(u/6535) a prime number?
False
Let f = 503 - 500. Suppose l - f*i + 2632 = 3*l, 0 = 5*l - 4*i - 6603. Is l composite?
False
Suppose 5*t + 3*b = -8797, 1762 = 3*t - 4*t + 2*b. Let z = t + 3214. Is z composite?
True
Let f be ((-1)/2)/((-10)/60). Let u be ((0 - f)*1)/(3/(-2)). Suppose 2*i = -u*j + 2076, -2*j + 0*j = -4*i - 2106. Is j prime?
False
Suppose 233*c = 234*c - 5*j - 2483, 4*c = -4*j + 10004. Is c composite?
True
Let k(c) = 130*c**3 + 7*c**2 - 5*c - 2. Let d be k(1). Suppose 0 = d*s - 140*s + 11890. Is s composite?
True
Let p = 79316 + -18457. Is p a prime number?
True
Let o(q) = 5*q**2 + 10*q - 11. Let k be o(-9). Suppose 235 = 7*w - k. Is w a composite number?
True
Let w(d) = 598*d**2 + 541*d - 18. Is w(25) a prime number?
False
Suppose 4*s - 3*s - 2*o = 1265759, 3*o + 5063066 = 4*s. Is s prime?
False
Suppose 34*t + 3*u = 32*t + 427619, u = -3. Is t prime?
False
Suppose -40*v + 16182922 + 23066844 = 13168446. Is v composite?
False
Let l be (-9)/(-18) - (-137397)/6. Let m = 7089 - l. Let w = m + 22962. Is w prime?
True
Is 784068/3 - (46 + -33) prime?
False
Suppose 2584392 = 14*t - 1180381 - 2219289. Is t composite?
False
Suppose -64*d = -67*d + j + 77518, -4*d = 2*j - 103374. Is d prime?
True
Let t(y) = -2497*y + 804. Is t(-21) a prime number?
False
Let u(t) = t**2 - 20*t + 54. Let f be u(18). Suppose -29*h - f*h = -23359. Is h prime?
False
Let y be (-4)/(-4)*-4 + 18. Suppose -2*d + b + 8 = 2*d, -2*d + y = 2*b. Suppose 4558 = s - 2*j - d*j, -3*j = -15. Is s composite?
False
Suppose 0 = -11*h - 533 - 545. Is (56/h)/2 - (-9571)/7 prime?
True
Let z(c) = c**3 - c**2. Let g(m) = -8*m**3 + m**2 - 10*m + 23. Let d(l) = -g(l) - 3*z(l). Is d(10) prime?
False
Suppose 309551 = 24*b + 2*b - 72207. Is b composite?
False
Suppose -l = 5*d - 18, -d + 3*l = -3*d + 2. Suppose d*s - 3*f + 5*f = 31154, 0 = 5*f - 15. Is s prime?
False
Suppose 0 = 5*x - 4*t - 1408585, 39*x + 5*t = 35*x + 1126868. Is x composite?
False
Suppose 2*f = 9*f - 28. Suppose 24 = f*d + 8. Suppose 7 + 13 = -d*r, 0 = -5*i + r + 1550. Is i composite?
True
Suppose -1229773 = -7*q + 2*u, 2*u - 351356 = -7*q + 5*q. Is q a composite number?
True
Let b = 1026289 - 46318. Is b a prime number?
False
Suppose 11*v - 1000929 = -59*v + 228901. Is v composite?
False
Suppose 0 = -100*i + 22842 + 127058. Is i a composite number?
False
Let m(c) = -5*c**3 + c**2 - c - 1. Let p be m(-1). Let o be (p/(-5))/((-4)/20). Suppose 2*t + 3*t = -4*s + 1578, o = -3*t. Is s a prime number?
True
Is 1/5 - 590574/(-5) composite?
True
Suppose 0 = k + 2*t + 379 + 38, -3*t = -5*k - 2020. Let v = 110 - k. Is v prime?
False
Let h be -1 - (1 - 2) - -2. Let u be (87/(-29))/((-21)/12 + 1). Suppose 3*y = -4*p + h*p + 643, 2*y + u*p = 434. Is y prime?
False
Suppose 0 = -4*o - i + 476, -5*o = -9*i + 4*i - 595. Let d = o - 115. Is 6 + (-16)/d - -157 a prime number?
False
Suppose -7*j = 6*j - 65. Suppose 0 = -j*a - 3*o + 3973, -73*a - o = -71*a - 1590. Is a prime?
True
Suppose 5*z = 231 - 41. Let h = -32 + z. Suppose -h*n - 1010 = -3668. Is n composite?
False
Suppose -54*a + 55*a = -3*p + 39968, 6*a - 5*p = 239831. Is a composite?
False
Let z be (-5 - 10/(-4)) + 3/(-6). Let a(q) = -183*q**3 - 3*q**2 - 3*q + 4. Is a(z) a prime number?
False
Let l(g) be the first derivative of -1175*g**2/2 - g - 3. Let j = -28 - -27. Is l(j) prime?
False
Suppose -4*s + 4 = 4*i - 4, -2*i + s = -1. Let f be (0 - i)/((-4)/4828). Suppose -3189 - f = -4*z. Is z a composite number?
True
Let y be 49/4 + 7/(-28). Suppose y*s - 8*s - 1112 = 0. Suppose -1212 - s = -10*o. Is o composite?
False
Let t(o) be the second derivative of o**5/20 + 23*o**4/12 - o**3/3 - 17*o**2/2 - 133*o. Let z be 3/((-9)/48) - 2. Is t(z) a prime number?
False
Let j = 106 - 103. Let a be (2/3)/((-2)/(-12)). Suppose -a*f - 2539 = -3*p, 0 = 4*f - j + 19. Is p a composite number?
True
Suppose 0 = -111*j + 36168260 + 39272779. Is j a prime number?
False
Let n(u) = 5*u**2 + 92*u - 5308. Is n(-117) prime?
False
Let b = -5 + 7. Suppose -330 = 3*p + k, -b*p = -0*k + 2*k + 216. Is 1/(-3) + 1 + p/(-9) a composite number?
False
Let d be 9/9 + 17 + -10. Suppose 5*h = d*h - 330483. Is h prime?
True
Let f(d) = -8*d + 9. Let w be f(0). Suppose 5196 = 3*i - 3*k, -6*k + w*k + 15 = 0. Let y = 6740 + i. Is y composite?
False
Is 7 + 2 + 4728 + 14 a prime number?
True
Let q = 28 - 23. Suppose q = -3*o + 20. Let l(n) = 3*n**3 + 3*n**2 + 11*n - 14. Is l(o) prime?
True
Suppose -6*r - 5880046 = -2*y, 0 = -3*y + 2*r - 3014873 + 11834914. Is y a prime number?
True
Let x(v) = v**3 + 9*v**2 - 18*v + 48. Let h be x(-11). Let q(m) = 10872*m + 7. Is q(h) prime?
False
Let h be 12175/(-4) - 3/(-4) - -2. Let a = h - -7042. Is a a composite number?
False
Let l = -217 + 231. Suppose l*y + 91611 = 315485. Is y composite?
False
Let a = 821023 + -105534. Is a composite?
False
Suppose 30*b + 1119706 = 1130804 + 2543672. Is b a prime number?
True
Let w(u) = -u**3 + 4*u**2 + 26*u - 31. Let k be w(7). Suppose 3*y = 7*y - 2*c - 1624, 2043 = 5*y + k*c. Is y a prime number?
False
Suppose 45*d + 66 = 48*d. Let b(h) = -3 - 9*h + d*h**3 + 4*h + 4*h + 4*h**2. Is b(4) prime?
False
Let d be -2 + -1 + 7 - 1. Suppose 4*o = -4*w + 17208, -3*w + 4310 = -2*w + d*o. Let p = w + -2077. Is p a composite number?
False
Let j(o) = -8*o - 42*o + 1559 + 6*o. Is j(0) prime?
True
Let r(a) be the second derivative of -1/20*a**5 + 1/2*a**3 - 7*a + 5/4*a**4 + 0 + 9/2*a**2. Is r(7) a composite number?
True
Is (-338)/1859 - (2/(-11) - (123340 + 3)) composite?
True
Let b be -2 + ((-4)/1 - -7217). Let d = b - 5134. Let r = d + -1290. Is r prime?
True
Is 16806/8 + 567/(-324) composite?
False
Let s be (-96)/(-30) + -3 + (-28)/(-10). Suppose -3*d - 3*l = 9, 24 = -5*d + s*l + l. Is (6 + 29)*d/(-10) + -3 a prime number?
True
Suppose -25 = c - r + 4*r, -5*r = 20. Let g = c + 13. Suppose g = -2*b + 2681 + 913. Is b composite?
True
Suppose -1711610 = -10*q - 593206 + 1818286. Is q prime?
False
Suppose -5*m - 201654 = -21*v + 17*v, -4*m + 201636 = 4*v. Suppose 0 = 2*f - 5*x - 20147, -20*x + 22*x = -5*f + v. Is f composite?
True
Let g(l) = l - 14. Let r be g(14). Suppose r = -21*i + 16*i + 20815. Is i prime?
False
Suppose -54*r = 36*r + 25*r - 62685005. Is r composite?
False
Suppose -219635 = 18*j - 687165 - 258644. Is j composite?
False
Suppose -6*c = -4*c - 6. Suppose -i + 365 = -c*g, -3*g + 1789 = 4*i + i. Is i composite?
False
Let w(o) = -282*o - 2. Let a be w(4). Let l = a + 1926. Let k = -317 + l. Is k composite?
False
Let r(z) = 56788*z**2 + 56*z + 109. Is r(-3) a composite number?
False
Let m = -179532 - -483839. Is m a prime number?
False
Let w be (35/(-21))/(2/(-14856)). Suppose 10*t - w = 5*t. Suppose t = 3*s - 5351. Is s a composite number?
False
Suppose 4*b = 0, 0*r + 5*r = -4*b + 1540. Let v = r - -1209. Is v a composite number?
True
Let j(o) = o**3 - 5*o**2 + 10*o - 10. Let k be j(7). Suppose 0 = -55*n + 42*n + 8996. Suppose n - k = 6*i. Is i a prime number?
True
Let s(b) = -92*b + 29. Let c be s(9). Let n = c + 6055. Suppose -4*i + 7564 = -n. Is i a prime number?
False
Let a(l) = 17 - 89*l**3 + 92*l**3 + 2*l**2 + 21*l - 9*l**2 + 0. Is a(14) a composite number?
True
Is 1/4 - 104164488/(-96) prime?
True
Is (-70)/(-49) - 47314619/(-77) a composite number?
False
Suppose 2 = -p + 7, -p = -5*u. Let m(g) = 6329*g**2 - g + 2. Let c be m(u). Is 2 + -4 - c/(-3 + 1) prime?
True
Suppose -84 = 16*i - 30*i. Is 1/i + (-182215)/(-66) composite?
True
Suppose 4*h + 4*b + 0 = -8, -3*h + 4*b = -29. Let z(i) = -i**3 - i**2 + 3*i - 8*i**2 - h + 25. Is z(-13) composite?
False
Suppose -3*j = j. Suppose -o + j*o = -3. Suppose 0 = -7*d + 2*d - m + 1686, o*m - 3 = 0. Is d a composite number?
False
Let m(v) = 48*v**2 + v. Let t(o) = -o**3 - 10*o**2 - 5. Let i = 73 - 83. Let k be t(i). Is m(k) composite?
True
Let k(l) = -l**3 - 